ommon factor of 16 and 68.
4
Calculate the highest common divisor of 4 and 292.
4
What is the highest common divisor of 39 and 104?
13
Calculate the greatest common factor of 715 and 7475.
65
Calculate the highest common factor of 5973 and 33.
33
Calculate the greatest common divisor of 84 and 3822.
42
Calculate the greatest common factor of 4 and 2602.
2
Calculate the highest common factor of 2210 and 3655.
85
Calculate the highest common divisor of 15 and 255.
15
What is the highest common factor of 245 and 105?
35
Calculate the greatest common divisor of 319 and 58.
29
Calculate the highest common divisor of 4 and 24.
4
Calculate the highest common factor of 200 and 575.
25
What is the highest common factor of 742 and 112?
14
What is the greatest common divisor of 120 and 380?
20
What is the greatest common factor of 47 and 423?
47
What is the highest common divisor of 39 and 6?
3
What is the highest common divisor of 54 and 1566?
54
What is the highest common divisor of 200 and 220?
20
What is the greatest common divisor of 665 and 3705?
95
Calculate the greatest common factor of 51 and 34.
17
Calculate the highest common factor of 118 and 1534.
118
Calculate the greatest common factor of 351 and 13.
13
Calculate the greatest common factor of 30 and 9750.
30
Calculate the greatest common divisor of 931 and 98.
49
Calculate the greatest common divisor of 414 and 1978.
46
Calculate the greatest common factor of 88 and 48620.
44
What is the greatest common factor of 1247 and 58?
29
What is the greatest common factor of 12 and 804?
12
Calculate the greatest common divisor of 481 and 407.
37
Calculate the greatest common factor of 1856 and 64.
64
What is the highest common factor of 52 and 18772?
52
What is the greatest common factor of 29 and 319?
29
What is the greatest common divisor of 33 and 6?
3
Calculate the greatest common factor of 14096 and 16.
16
What is the greatest common factor of 10 and 670?
10
Calculate the greatest common divisor of 943 and 164.
41
Calculate the greatest common divisor of 304 and 57.
19
Calculate the greatest common factor of 105 and 75.
15
What is the greatest common factor of 102 and 726?
6
Calculate the highest common factor of 147 and 1974.
21
Calculate the highest common divisor of 33 and 715.
11
Calculate the highest common factor of 325 and 195.
65
What is the highest common divisor of 22 and 90002?
22
Calculate the highest common divisor of 1617 and 2618.
77
What is the highest common divisor of 116 and 638?
58
Calculate the greatest common factor of 400 and 16.
16
Calculate the highest common factor of 456 and 48.
24
What is the highest common divisor of 37 and 407?
37
What is the greatest common factor of 5 and 995?
5
What is the highest common factor of 75 and 25?
25
What is the highest common divisor of 55 and 580?
5
What is the highest common factor of 336 and 497?
7
What is the highest common factor of 172 and 64?
4
Calculate the highest common divisor of 10 and 15830.
10
What is the greatest common divisor of 410 and 40?
10
Calculate the highest common factor of 32 and 18.
2
Calculate the highest common factor of 2119 and 13.
13
What is the greatest common factor of 65 and 35?
5
What is the greatest common factor of 2 and 4?
2
What is the highest common factor of 1 and 47?
1
What is the greatest common divisor of 4 and 20?
4
Calculate the greatest common factor of 66 and 5874.
66
Calculate the highest common divisor of 10026 and 36.
18
What is the highest common divisor of 23 and 44?
1
Calculate the highest common divisor of 92 and 64.
4
What is the greatest common factor of 81 and 117?
9
What is the greatest common factor of 6 and 62?
2
What is the greatest common divisor of 42 and 35847?
21
What is the highest common factor of 6 and 3786?
6
Calculate the highest common divisor of 1073 and 29.
29
What is the greatest common divisor of 868 and 4402?
62
Calculate the greatest common divisor of 129 and 6.
3
Calculate the greatest common divisor of 60 and 201.
3
What is the greatest common factor of 8474 and 114?
38
Calculate the greatest common factor of 143 and 88.
11
What is the greatest common factor of 119 and 85?
17
Calculate the greatest common divisor of 105 and 25515.
105
What is the highest common factor of 1803 and 3?
3
Calculate the highest common divisor of 572 and 468.
52
Calculate the highest common divisor of 400 and 12080.
80
Calculate the greatest common divisor of 114 and 2052.
114
Calculate the greatest common divisor of 992 and 124.
124
Calculate the highest common divisor of 42 and 2072.
14
Calculate the highest common factor of 22 and 2794.
22
What is the greatest common divisor of 6 and 8?
2
What is the highest common factor of 85 and 17?
17
What is the highest common factor of 16 and 848?
16
What is the greatest common factor of 24 and 6792?
24
Calculate the highest common factor of 64 and 608.
32
Calculate the greatest common divisor of 2 and 142.
2
Calculate the highest common divisor of 5966 and 76.
38
Calculate the highest common factor of 5520 and 3.
3
Calculate the greatest common factor of 90 and 120.
30
What is the highest common factor of 155 and 1364?
31
Calculate the highest common factor of 72 and 51.
3
Calculate the highest common factor of 1 and 37.
1
Calculate the greatest common factor of 8 and 424.
8
What is the highest common divisor of 851 and 185?
37
Calculate the highest common factor of 32494 and 154.
154
Calculate the highest common divisor of 364 and 224.
28
Calculate the greatest common divisor of 2754 and 1989.
153
What is the highest common divisor of 42 and 1106?
14
What is the highest common factor of 4263 and 87?
87
Calculate the greatest common divisor of 2015 and 65.
65
What is the greatest common divisor of 64 and 2752?
64
What is the highest common divisor of 9 and 207?
9
What is the highest common divisor of 62820 and 10?
10
Calculate the highest common factor of 11765 and 65.
65
Calculate the greatest common factor of 1603 and 6641.
229
Calculate the greatest common divisor of 3808 and 64.
32
Calculate the greatest common divisor of 60 and 9930.
30
Calculate the highest common factor of 42 and 546.
42
What is the greatest common divisor of 3641 and 11?
11
Calculate the highest common divisor of 29521 and 53.
53
Calculate the greatest common divisor of 14 and 14.
14
Calculate the greatest common factor of 69 and 5589.
69
What is the highest common factor of 14 and 77?
7
What is the highest common divisor of 114 and 13034?
38
What is the greatest common divisor of 288 and 1152?
288
Calculate the highest common divisor of 54 and 6498.
18
Calculate the highest common factor of 1056 and 96.
96
What is the greatest common factor of 70 and 56?
14
What is the greatest common factor of 196 and 56?
28
What is the greatest common factor of 22 and 5093?
11
Calculate the highest common factor of 86 and 3139.
43
What is the greatest common factor of 134 and 1742?
134
Calculate the greatest common divisor of 1407 and 42.
21
Calculate the highest common factor of 3 and 241.
1
Calculate the highest common divisor of 69 and 92.
23
Calculate the highest common divisor of 2751 and 262.
131
Calculate the highest common factor of 36 and 12.
12
What is the greatest common factor of 12 and 33?
3
Calculate the highest common factor of 253 and 736.
23
What is the greatest common divisor of 36 and 1332?
36
Calculate the greatest common factor of 60031 and 347.
347
Calculate the highest common factor of 40 and 72.
8
Calculate the highest common factor of 138 and 322.
46
What is the highest common factor of 282 and 329?
47
What is the highest common factor of 1001 and 22?
11
Calculate the highest common divisor of 231 and 66.
33
Calculate the greatest common divisor of 10736 and 22.
22
Calculate the highest common divisor of 745 and 5.
5
Calculate the greatest common divisor of 72 and 6.
6
What is the highest common divisor of 1107 and 81?
27
Calculate the greatest common factor of 240 and 9480.
120
Calculate the greatest common factor of 909 and 22119.
303
What is the highest common divisor of 1044 and 24?
12
Calculate the highest common divisor of 131 and 21877.
131
Calculate the highest common divisor of 1438 and 2.
2
What is the highest common factor of 88 an